2*j - z, -4*z = -4*j + 176. What is the tens digit of j?
4
Let d(s) = s**3 + 25*s**2 - 25*s + 28. Let x be d(-26). Suppose 39 + 11 = x*i. Let y = 140 - i. What is the units digit of y?
5
Suppose o - 3*r = -13, 0*o - 3*r + 17 = o. Suppose 0 = -5*i - o*t - 80, 15 + 1 = -2*i - 4*t. What is the units digit of ((-82)/5)/(i/45)?
1
Suppose -2*t + 3760 = -2*v - 6622, 2*t - 5*v - 10391 = 0. What is the hundreds digit of t?
1
Let m be 7 + -850*24/(-16). Let g = m - 704. What is the hundreds digit of g?
5
Suppose 3 = -3*l - 12, 5*l = 4*b + 191. Let r(p) = -p**3 - 8*p**2 + 7*p - 4. Let m be r(-9). Let c = m - b. What is the units digit of c?
8
Suppose 4 = 4*s, -k - 2*k = -s + 52. Let n(b) = -10*b + 28. Let y be n(k). Suppose -5*r - 5*m = -570, 2*r - 2*m - 2*m - y = 0. What is the hundreds digit of r?
1
Let m(t) = -4*t - 18. Let q be m(-3). Let c be (-795)/q - (-3)/(-2). Let l = c - 71. What is the tens digit of l?
6
Let t(l) = -334*l - 11800. What is the ten thousands digit of t(-117)?
2
Suppose 2*y + 2*b = 196, b + b = -5*y + 478. Suppose o + 33 = y. What is the tens digit of o?
6
Let s = 630 + -2804. Let l = -1545 - s. What is the tens digit of l?
2
Suppose 12*u = 863 - 6215. Let k = -162 - u. What is the units digit of k?
4
Suppose -s - 1921 = -3*p, 3*s - p = 7*s + 7619. Let d = -622 - s. What is the tens digit of d?
8
Let n = -21486 + 52804. What is the units digit of n?
8
Suppose 244781 = 467*u - 4296327. What is the units digit of u?
4
Let o(u) = -u**2 - 3*u + 1268. Let x be o(0). Suppose 33*f - 34*f + 646 = -4*w, 4*w - x = -2*f. What is the hundreds digit of f?
6
Suppose -250*o + 254*o - 68 = 0. Suppose o + 7 = f. What is the units digit of f?
4
Suppose -972523 = -68*s + 943785. What is the units digit of s?
1
Let y(m) = -27*m - 28. Let l be (7 - 16)*(-1)/(-3)*4. Let i be 6 + -2 - (8 + l/(-4)). What is the hundreds digit of y(i)?
1
What is the hundreds digit of 9 - (12 - -1 - 11043)?
0
Let d = 13 - -64. Suppose -71*t - 1554 = -d*t. What is the tens digit of t?
5
Let a(g) = g**3 - 28*g**2 + 56*g - 49. What is the tens digit of a(28)?
1
Let i be 151/((-3)/3*1/1). Let q = i - -690. What is the tens digit of q?
3
Let w(i) = i**3 - 8*i**2 + 8*i + 11. Let f be w(7). Suppose 15*a = q + f*a - 42, -2*a + 41 = q. What is the units digit of q?
9
Suppose 0 = 4*m - 34 + 2194. Let g = -27 - 327. Let f = g - m. What is the units digit of f?
6
Let p be -1 + (-2 - -4) - (-2 + 1). Suppose 2*q = -p*v + 154, -335 = -5*v - 3*q + 8*q. Let g = v - 52. What is the units digit of g?
0
Suppose 88*n - 1251047 = 1590898 - 318281. What is the thousands digit of n?
8
Suppose 0 = -10*s + 11 + 9. Suppose b + 4*c + 22 = 0, s*c + 6 = -4. What is the tens digit of b + 24/4 + -3 - -137?
3
Let c = 302 - 346. Suppose -5*l + 0 = -t + 4, 4*t - 131 = -3*l. Let d = t - c. What is the tens digit of d?
7
Suppose 296*y = 305*y - 14643. What is the hundreds digit of y?
6
Suppose 0 = 2*s + 2*a - 13748, -11*a + 8*a + 13748 = 2*s. What is the units digit of s?
4
Let f(z) = -192*z + 96. Let w be f(-4). What is the tens digit of -6 - (w/(-3))/1?
8
Suppose 4*t - 2392 = -0*y - 4*y, -2*t + 1184 = -2*y. Let r = 1564 - t. What is the hundreds digit of r?
9
Let o(h) = -h**2 + 7*h - 6. Let c be o(5). Suppose -12*u + 2939 = 923. Suppose -c*s = -s - u. What is the units digit of s?
6
Let a be (-3)/3 + 2 + (-13 - -16). Suppose 4*u - 7*u + 266 = -a*o, o = -3*u + 271. What is the units digit of u?
0
Suppose 25*o - 36573 = -5*f + 26*o, -5*o - 14643 = -2*f. What is the hundreds digit of f?
3
Suppose -2*c - 3*q = -11759 - 9582, -c = q - 10670. What is the thousands digit of c?
0
Let j = 28 - 78. Let r be (9/(-2))/((-116)/(-24) - 5). Let a = r - j. What is the tens digit of a?
7
Let v(x) = 2*x**2 - 117*x + 111. Let o be v(57). Let z = 257 - 175. Let p = z + o. What is the tens digit of p?
2
Let b = -36231 + 61372. What is the thousands digit of b?
5
Suppose -16*j + 28 = -36. Suppose 4*q - n = -0*n + 3769, -j*q = -4*n - 3760. What is the hundreds digit of q?
9
Let w(j) = 8*j - 7. Let o be w(-7). Let h = -690 + 792. Let g = o + h. What is the tens digit of g?
3
Suppose -2*i + 3*k - 7*k = -12, -4*i = -5*k + 15. Suppose -3*f - 210 = -i*z - z, -5*z + 2*f = -1076. What is the units digit of z?
6
Suppose 7344 = 63*w - 47*w. Let b = w - 350. What is the units digit of b?
9
What is the units digit of (-51)/153 - (-55677)/9?
6
Suppose 166*t - 148*t = 135612. What is the thousands digit of t?
7
Suppose -119415 = -66*n + 51*n. What is the tens digit of n?
6
Let g(t) = t**3 + 6*t**2 - 36*t - 20. Let x be g(-10). What is the units digit of ((-6)/(-4)*-4)/(x/2010)?
1
Let z(r) = r**3 + 53*r**2 + 99*r - 147. Let t be z(-51). Let l be (-1)/(-1 + 5/4). What is the units digit of ((-33)/t - l)*(1 - 49)?
2
Suppose -4*o + 4*x + 184 = 0, 5*o - 2*o = -5*x + 146. Let b = o + -33. What is the tens digit of b?
1
Let c = -761 - -61. Let p = -422 - c. What is the hundreds digit of p?
2
What is the tens digit of (-560550)/(-8) + 37*(-42)/(-6216)?
6
Let x be (1115 + -1)/(14/7). Let h = 796 - x. What is the hundreds digit of h?
2
Suppose 4*x - 44*u - 111012 = -48*u, 5*x - 3*u = 138757. What is the ten thousands digit of x?
2
Let s be 15/(-45) + 583/3. Let l(f) = 7*f**2 - f - 2. Let u be l(-2). Suppose -u*j = -30*j + s. What is the tens digit of j?
9
Suppose -135*h + 3398940 = -2337829 + 333259. What is the hundreds digit of h?
0
What is the ten thousands digit of (-43)/((-11)/(-55) - 1582/7860) + -4?
3
Let v be (((-90)/12)/15)/((-1)/(-24)). What is the tens digit of 117 + 6 + v/(-3)?
2
Let i = 180 + -141. Let o = -53 + i. Let u(f) = -16*f - 47. What is the hundreds digit of u(o)?
1
Suppose -5 = n - 2*n + 4*f, 5*f = -5*n + 25. Suppose n*x - 1976 = -111. Suppose -x = -5*h + 17. What is the units digit of h?
8
Suppose 3*r = 2*f - 104602, -2*f - 5656*r + 5657*r = -104610. What is the tens digit of f?
0
Let c = 4420 - 91. What is the units digit of c?
9
Suppose 24*q = 125*q + 70*q - 792756. What is the units digit of q?
6
Let q(s) = 3*s**2 + 16*s - 46. What is the hundreds digit of q(-27)?
7
Let f be (-12)/(-3) - 57*5. Let w = -157 - f. Suppose 0*g - w = -2*g. What is the units digit of g?
2
Let q be (226 + -226)*2/(-4)*-2. Let l(w) = 57 + w + 60 - 4*w**2 + 3*w**2. What is the hundreds digit of l(q)?
1
Let j be 103 + (-6)/3 + 2. Let y be (6/(-1) - -4)/((-2)/j). Let a = 162 - y. What is the units digit of a?
9
What is the units digit of ((-13416348)/(-2960))/(2/10) - 3/4?
2
Suppose 7*n - 16 = -n. Suppose -2*p + 2*q = q - 68, p = n*q + 40. What is the tens digit of -1*p/(-12)*225/12?
5
Suppose -24 = 423*c - 417*c. Let o(k) = -67*k + 126. What is the tens digit of o(c)?
9
What is the hundreds digit of (-1585 - -926)/((-1)/110)?
4
Suppose -1 + 19 = 3*k. Let q be (-4 - (1 - 2)) + k. Suppose -3*w = q*w - 24. What is the units digit of w?
4
Suppose -3*p = 2*k - 0*p - 15039, 15063 = 2*k - 5*p. Suppose k = 14*c + 5*c. What is the tens digit of c?
9
Let u(k) = -23*k + 44. Suppose -3*d + 21 = -12. Let a be u(d). Let i = 307 + a. What is the units digit of i?
8
Let o = 1695 - -7196. What is the thousands digit of o?
8
Let f be 3 + -4 + (3 - 0). Suppose 3*j - 3*w = 3, 2*j - f*w + 6 = 2*w. Suppose -j*t + 248 = -282. What is the units digit of t?
6
Let f = -208 + 410. Let c = f - 62. What is the tens digit of c?
4
Let a(i) = i**3 + 2*i**2 - 4*i + 11. Let q be 10*-2*36/(-90). What is the tens digit of a(q)?
1
Let g = 81045 - 49969. What is the ten thousands digit of g?
3
Let r = 7877 + 31233. What is the units digit of r?
0
Let y = 73 + -37. Let l be -3 - (-7)/(28/y). What is the hundreds digit of -2*(-6)/(-4)*(-304)/l?
1
Let j(b) = -6*b**3 + 2*b**2 - 6. Let m(h) = -5*h**3 - h - 5. Let c(d) = 2*j(d) - 3*m(d). What is the tens digit of c(4)?
7
Let l(c) = -6*c + 12. Let a be l(6). What is the units digit of 134 - (a/(-20))/(12/(-40))?
8
Let m(a) = 572*a**3 + 79*a**2 - 427*a + 21. What is the ten thousands digit of m(5)?
7
Let b(x) = -73152*x + 714. What is the tens digit of b(-1)?
6
Suppose 21*n - 71 = -428. Let v(w) = 2*w**2 + 33*w + 11. What is the tens digit of v(n)?
2
Let u(o) = 17*o**2 - 40*o - 88. What is the thousands digit of u(23)?
7
Let f = -36229 - -82751. What is the units digit of f?
2
Suppose 11 = 8*c - 5293. What is the hundreds digit of c?
6
What 